{"id":249,"date":"2015-10-15T15:32:49","date_gmt":"2015-10-15T15:32:49","guid":{"rendered":"http:\/\/wpoffice\/construction\/?page_id=25"},"modified":"2022-10-06T12:06:21","modified_gmt":"2022-10-06T10:06:21","slug":"service","status":"publish","type":"page","link":"https:\/\/olaf-moeller-haustechnik.de\/?page_id=249","title":{"rendered":"Leistungen"},"content":{"rendered":"<\/div><\/div><\/div><!-- close content main div --><\/div><\/div><div id='full_slider_1' class='avia-fullwidth-slider main_color avia-shadow   container_wrap sidebar_right'   ><div  data-size='featured'  data-lightbox_size='large'  data-animation='slide'  data-ids='9063'  data-video_counter='0'  data-autoplay='false'  data-bg_slider='false'  data-slide_height=''  data-handle='av_slideshow_full'  data-interval='5'  data-class=' '  data-css_id=''  data-scroll_down=''  data-control_layout='av-control-default'  data-custom_markup=''  data-perma_caption=''  data-autoplay_stopper=''  data-image_attachment=''  data-min_height='0px'  data-src=''  data-position='top left'  data-repeat='no-repeat'  data-attach='scroll'  data-stretch=''  data-default-height='28.666666666667'  class='avia-slideshow avia-slideshow-1  av-control-default av-default-height-applied avia-slideshow-featured av_slideshow_full   avia-slide-slider '  itemscope=\"itemscope\" itemtype=\"https:\/\/schema.org\/ImageObject\" ><ul class='avia-slideshow-inner' style='padding-bottom: 28.666666666667%;'><li  class=' av-single-slide slide-1 ' ><div data-rel='slideshow-1' class='avia-slide-wrap'  ><img src='https:\/\/olaf-moeller-haustechnik.de\/wp-content\/uploads\/2021\/06\/Slider-Start-1920x650px-062021-1500x430.jpg' width='1500' height='430' title='' alt=''  itemprop=\"thumbnailUrl\"   \/><\/div><\/li><\/ul><\/div><\/div>\n<div class=\"flex_column av_one_full  flex_column_div av-zero-column-padding first  \" style='border-radius:0px; '><div style='padding-bottom:0px;' class='av-special-heading av-special-heading-h2  blockquote modern-quote   '><h2 class='av-special-heading-tag '  itemprop=\"headline\"  >Unsere Leistungen<\/h2><div class='special-heading-border'><div class='special-heading-inner-border' ><\/div><\/div><\/div><\/div>\n<div style='height:30px' class='hr hr-invisible  '><span class='hr-inner ' ><span class='hr-inner-style'><\/span><\/span><\/div>\n<div class=\"flex_column av_one_third  flex_column_div av-zero-column-padding first  \" style='border-radius:0px; '><p><div class='avia-image-container  av-styling-no-styling    avia-align- '  itemscope=\"itemscope\" itemtype=\"https:\/\/schema.org\/ImageObject\"  ><div class='avia-image-container-inner'><img class='avia_image ' src='https:\/\/olaf-moeller-haustechnik.de\/wp-content\/uploads\/2015\/10\/sanitaer.jpg' alt='' title='sanitaer'   itemprop=\"thumbnailUrl\"  \/><\/div><\/div><br \/>\n<div style='padding-bottom:0px;' class='av-special-heading av-special-heading-h3  blockquote modern-quote   '><h3 class='av-special-heading-tag '  itemprop=\"headline\"  >Sanit\u00e4r<\/h3><div class='special-heading-border'><div class='special-heading-inner-border' ><\/div><\/div><\/div><br \/>\n<div style=' margin-top:10px; margin-bottom:10px;'  class='hr hr-custom hr-left hr-icon-no  '><span class='hr-inner   inner-border-av-border-fat' style=' width:50px; border-color:#e9c019;' ><span class='hr-inner-style'><\/span><\/span><\/div><br \/>\n<section class=\"av_textblock_section \"  itemscope=\"itemscope\" itemtype=\"https:\/\/schema.org\/CreativeWork\" ><div class='avia_textblock  '   itemprop=\"text\" ><p><span class=\"fliesstext\"><span class=\"boldblau\">:: <\/span>Badsanierung<br \/>\n<span class=\"boldblau\">:: <\/span>Barrierefreie B\u00e4der<br \/>\n<span class=\"boldblau\">:: <\/span>Bad aus einer Hand<br \/>\n<span class=\"boldblau\">:: <\/span>Wasseraufbereitung<\/span><\/p>\n<\/div><\/section><\/p><\/div>\n<div class=\"flex_column av_one_third  flex_column_div av-zero-column-padding   \" style='border-radius:0px; '><p><div class='avia-image-container  av-styling-no-styling    avia-align- '  itemscope=\"itemscope\" itemtype=\"https:\/\/schema.org\/ImageObject\"  ><div class='avia-image-container-inner'><img class='avia_image ' src='https:\/\/olaf-moeller-haustechnik.de\/wp-content\/uploads\/2015\/10\/elektro-1.jpg' alt='' title='elektro'   itemprop=\"thumbnailUrl\"  \/><\/div><\/div><br \/>\n<div style='padding-bottom:0px;' class='av-special-heading av-special-heading-h3  blockquote modern-quote   '><h3 class='av-special-heading-tag '  itemprop=\"headline\"  >Elektro<\/h3><div class='special-heading-border'><div class='special-heading-inner-border' ><\/div><\/div><\/div><br \/>\n<div style=' margin-top:10px; margin-bottom:10px;'  class='hr hr-custom hr-left hr-icon-no  '><span class='hr-inner   inner-border-av-border-fat' style=' width:50px; border-color:#e9c019;' ><span class='hr-inner-style'><\/span><\/span><\/div><br \/>\n<section class=\"av_textblock_section \"  itemscope=\"itemscope\" itemtype=\"https:\/\/schema.org\/CreativeWork\" ><div class='avia_textblock  '   itemprop=\"text\" ><p><span class=\"boldblau\">:: <\/span>Installation Neu- und Umbau<br \/>\n<span class=\"boldblau\">:: <\/span>Elektrohausger\u00e4te<br \/>\n<span class=\"boldblau\">:: <\/span>Beleuchtungstechnik<br \/>\n<span class=\"boldblau\">:: <\/span>Photovoltaik<br \/>\n<span class=\"boldblau\">:: <\/span>BUS Systeme EIB<br \/>\n<span class=\"boldblau\">:: <\/span>Datennetzwerktechnik<br \/>\n<span class=\"boldblau\">:: <\/span>Schaltanlagen<br \/>\n<span class=\"boldblau\">:: <\/span>Satellitenempfangsanlagen<\/p>\n<\/div><\/section><\/p><\/div>\n<div class=\"flex_column av_one_third  flex_column_div av-zero-column-padding   \" style='border-radius:0px; '><p><div class='avia-image-container  av-styling-no-styling    avia-align- '  itemscope=\"itemscope\" itemtype=\"https:\/\/schema.org\/ImageObject\"  ><div class='avia-image-container-inner'><img class='avia_image ' src='https:\/\/olaf-moeller-haustechnik.de\/wp-content\/uploads\/2015\/10\/heizung.jpg' alt='' title='heizung'   itemprop=\"thumbnailUrl\"  \/><\/div><\/div><br \/>\n<div style='padding-bottom:0px;' class='av-special-heading av-special-heading-h3  blockquote modern-quote   '><h3 class='av-special-heading-tag '  itemprop=\"headline\"  >Heizung<\/h3><div class='special-heading-border'><div class='special-heading-inner-border' ><\/div><\/div><\/div><br \/>\n<div style=' margin-top:10px; margin-bottom:10px;'  class='hr hr-custom hr-left hr-icon-no  '><span class='hr-inner   inner-border-av-border-fat' style=' width:50px; border-color:#e9c019;' ><span class='hr-inner-style'><\/span><\/span><\/div><br \/>\n<section class=\"av_textblock_section \"  itemscope=\"itemscope\" itemtype=\"https:\/\/schema.org\/CreativeWork\" ><div class='avia_textblock  '   itemprop=\"text\" ><p><span class=\"boldblau\">:: <\/span>Gas und \u00d6lfeuerung<br \/>\n<span class=\"boldblau\">:: <\/span>Holzfeuerung<br \/>\n<span class=\"boldblau\">:: <\/span>Pellets und Holzhackschnitzelheizung<br \/>\n<span class=\"boldblau\">:: <\/span>Solaranlagen<br \/>\n<span class=\"boldblau\">:: <\/span>Blockheizkraftwerke<br \/>\n<span class=\"boldblau\">:: <\/span>W\u00e4rmepumpen<br \/>\n<span class=\"boldblau\">:: <\/span>Installation Neu- und Umbau<\/p>\n<\/div><\/section><\/p><\/div>\n<div class=\"flex_column av_one_third  flex_column_div av-zero-column-padding first  \" style='border-radius:0px; '><p><div class='avia-image-container  av-styling-no-styling    avia-align- '  itemscope=\"itemscope\" itemtype=\"https:\/\/schema.org\/ImageObject\"  ><div class='avia-image-container-inner'><img class='avia_image ' src='https:\/\/olaf-moeller-haustechnik.de\/wp-content\/uploads\/2017\/11\/service.jpg' alt='' title='service'   itemprop=\"thumbnailUrl\"  \/><\/div><\/div><br \/>\n<div style='padding-bottom:0px;' class='av-special-heading av-special-heading-h3  blockquote modern-quote   '><h3 class='av-special-heading-tag '  itemprop=\"headline\"  >Service<\/h3><div class='special-heading-border'><div class='special-heading-inner-border' ><\/div><\/div><\/div><br \/>\n<div style=' margin-top:10px; margin-bottom:10px;'  class='hr hr-custom hr-left hr-icon-no  '><span class='hr-inner   inner-border-av-border-fat' style=' width:50px; border-color:#e9c019;' ><span class='hr-inner-style'><\/span><\/span><\/div><br \/>\n<section class=\"av_textblock_section \"  itemscope=\"itemscope\" itemtype=\"https:\/\/schema.org\/CreativeWork\" ><div class='avia_textblock  '   itemprop=\"text\" ><p><span class=\"boldblau\">:: 24-Stunden Kundendienst<br \/>\n:: Beratung\/Planung<br \/>\n:: Entwicklung und Projektierung<br \/>\n:: Abfluss- und Kanalreinigung<br \/>\n:: <\/span>Kanal-Kamera mit Ortung<br \/>\n<span class=\"boldblau\">:: <\/span>Gassicherheitscheck<br \/>\n<span class=\"boldblau\">:: <\/span>E-Check<br \/>\n<span class=\"boldblau\">:: <\/span>Wartung<\/p>\n<\/div><\/section><\/p><\/div>\n<div class=\"flex_column av_one_third  flex_column_div av-zero-column-padding   \" style='border-radius:0px; '><p><div class='avia-image-container  av-styling-no-styling    avia-align- '  itemscope=\"itemscope\" itemtype=\"https:\/\/schema.org\/ImageObject\"  ><div class='avia-image-container-inner'><img class='avia_image ' src='https:\/\/olaf-moeller-haustechnik.de\/wp-content\/uploads\/2015\/10\/lueftung.jpg' alt='' title='lueftung'   itemprop=\"thumbnailUrl\"  \/><\/div><\/div><br \/>\n<div style='padding-bottom:0px;' class='av-special-heading av-special-heading-h3  blockquote modern-quote   '><h3 class='av-special-heading-tag '  itemprop=\"headline\"  >L\u00fcftung<\/h3><div class='special-heading-border'><div class='special-heading-inner-border' ><\/div><\/div><\/div><br \/>\n<div style=' margin-top:10px; margin-bottom:10px;'  class='hr hr-custom hr-left hr-icon-no  '><span class='hr-inner   inner-border-av-border-fat' style=' width:50px; border-color:#e9c019;' ><span class='hr-inner-style'><\/span><\/span><\/div><br \/>\n<section class=\"av_textblock_section \"  itemscope=\"itemscope\" itemtype=\"https:\/\/schema.org\/CreativeWork\" ><div class='avia_textblock  '   itemprop=\"text\" ><p><span class=\"fliesstext\"><span class=\"boldblau\">:: <\/span>Kontrollierte Wohnrauml\u00fcftung mit und ohne W\u00e4rmer\u00fcckgewinnung<br \/>\n<span class=\"boldblau\">:: <\/span>L\u00fcftungsanlagen in Gewerbeobjekten<br \/>\n<span class=\"boldblau\">:: <\/span>L\u00fcftungsanlagen in Stallungen<\/span><\/p>\n<\/div><\/section><\/p><\/div>\n<div class=\"flex_column av_one_third  flex_column_div av-zero-column-padding   \" style='border-radius:0px; '><p><div class='avia-image-container  av-styling-no-styling    avia-align- '  itemscope=\"itemscope\" itemtype=\"https:\/\/schema.org\/ImageObject\"  ><div class='avia-image-container-inner'><img class='avia_image ' src='https:\/\/olaf-moeller-haustechnik.de\/wp-content\/uploads\/2015\/10\/mobileBad.jpg' alt='' title='mobileBad'   itemprop=\"thumbnailUrl\"  \/><\/div><\/div><br \/>\n<div style='padding-bottom:0px;' class='av-special-heading av-special-heading-h3  blockquote modern-quote   '><h3 class='av-special-heading-tag '  itemprop=\"headline\"  >Das Mobile Bad<\/h3><div class='special-heading-border'><div class='special-heading-inner-border' ><\/div><\/div><\/div><br \/>\n<div style=' margin-top:10px; margin-bottom:10px;'  class='hr hr-custom hr-left hr-icon-no  '><span class='hr-inner   inner-border-av-border-fat' style=' width:50px; border-color:#e9c019;' ><span class='hr-inner-style'><\/span><\/span><\/div><br \/>\n<section class=\"av_textblock_section \"  itemscope=\"itemscope\" itemtype=\"https:\/\/schema.org\/CreativeWork\" ><div class='avia_textblock  '   itemprop=\"text\" ><p><span class=\"fliesstext\"><span class=\"boldblau\">:: WC<\/span><br \/>\n<span class=\"boldblau\">:: Dusche<\/span><br \/>\n<span class=\"boldblau\">:: Sitzbank<\/span><\/span><br \/>\n::\u00a0Kosmetikspiegel<br \/>\n::\u00a0Warmwasserspeicher<br \/>\n::\u00a0Radio<br \/>\n::\u00a0Heizung<br \/>\n::\u00a0Waschtisch<br \/>\n::\u00a0Abwasserpumpe<br \/>\n::\u00a0Fenster zur Bel\u00fcftung<\/p>\n<\/div><\/section><br \/>\n<div class='avia-button-wrap avia-button-left '><a href='https:\/\/olaf-moeller-haustechnik.de\/?page_id=707' class='avia-button   avia-icon_select-no avia-color-theme-color avia-size-small avia-position-left '   ><span class='avia_iconbox_title' >Mehr Informationen<\/span><\/a><\/div><\/p><\/div>\n","protected":false},"excerpt":{"rendered":"","protected":false},"author":1,"featured_media":0,"parent":0,"menu_order":0,"comment_status":"closed","ping_status":"closed","template":"","meta":{"footnotes":""},"class_list":["post-249","page","type-page","status-publish","hentry"],"_links":{"self":[{"href":"https:\/\/olaf-moeller-haustechnik.de\/index.php?rest_route=\/wp\/v2\/pages\/249","targetHints":{"allow":["GET"]}}],"collection":[{"href":"https:\/\/olaf-moeller-haustechnik.de\/index.php?rest_route=\/wp\/v2\/pages"}],"about":[{"href":"https:\/\/olaf-moeller-haustechnik.de\/index.php?rest_route=\/wp\/v2\/types\/page"}],"author":[{"embeddable":true,"href":"https:\/\/olaf-moeller-haustechnik.de\/index.php?rest_route=\/wp\/v2\/users\/1"}],"replies":[{"embeddable":true,"href":"https:\/\/olaf-moeller-haustechnik.de\/index.php?rest_route=%2Fwp%2Fv2%2Fcomments&post=249"}],"version-history":[{"count":1,"href":"https:\/\/olaf-moeller-haustechnik.de\/index.php?rest_route=\/wp\/v2\/pages\/249\/revisions"}],"predecessor-version":[{"id":9080,"href":"https:\/\/olaf-moeller-haustechnik.de\/index.php?rest_route=\/wp\/v2\/pages\/249\/revisions\/9080"}],"wp:attachment":[{"href":"https:\/\/olaf-moeller-haustechnik.de\/index.php?rest_route=%2Fwp%2Fv2%2Fmedia&parent=249"}],"curies":[{"name":"wp","href":"https:\/\/api.w.org\/{rel}","templated":true}]}}

</div></div></div><!-- close content main div --></div></div><div id='full_slider_1' class='avia-fullwidth-slider main_color avia-shadow   container_wrap sidebar_right'   ><div  data-size='featured'  data-lightbox_size='large'  data-animation='slide'  data-ids='9063'  data-video_counter='0'  data-autoplay='false'  data-bg_slider='false'  data-slide_height=''  data-handle='av_slideshow_full'  data-interval='5'  data-class=' '  data-css_id=''  data-scroll_down=''  data-control_layout='av-control-default'  data-custom_markup=''  data-perma_caption=''  data-autoplay_stopper=''  data-image_attachment=''  data-min_height='0px'  data-src=''  data-position='top left'  data-repeat='no-repeat'  data-attach='scroll'  data-stretch=''  data-default-height='28.666666666667'  class='avia-slideshow avia-slideshow-1  av-control-default av-default-height-applied avia-slideshow-featured av_slideshow_full   avia-slide-slider '  itemscope="itemscope" itemtype="https://schema.org/ImageObject" ><ul class='avia-slideshow-inner' style='padding-bottom: 28.666666666667%;'><li  class=' av-single-slide slide-1 ' ><div data-rel='slideshow-1' class='avia-slide-wrap'  ><img src='https://olaf-moeller-haustechnik.de/wp-content/uploads/2021/06/Slider-Start-1920x650px-062021-1500x430.jpg' width='1500' height='430' title='' alt=''  itemprop="thumbnailUrl"   /></div></li></ul></div></div>
<div class="flex_column av_one_full  flex_column_div av-zero-column-padding first  " style='border-radius:0px; '><div style='padding-bottom:0px;' class='av-special-heading av-special-heading-h2  blockquote modern-quote   '><h2 class='av-special-heading-tag '  itemprop="headline"  >Unsere Leistungen</h2><div class='special-heading-border'><div class='special-heading-inner-border' ></div></div></div></div>
<div style='height:30px' class='hr hr-invisible  '><span class='hr-inner ' ><span class='hr-inner-style'></span></span></div>
<div class="flex_column av_one_third  flex_column_div av-zero-column-padding first  " style='border-radius:0px; '><p><div class='avia-image-container  av-styling-no-styling    avia-align- '  itemscope="itemscope" itemtype="https://schema.org/ImageObject"  ><div class='avia-image-container-inner'><img class='avia_image ' src='https://olaf-moeller-haustechnik.de/wp-content/uploads/2015/10/sanitaer.jpg' alt='' title='sanitaer'   itemprop="thumbnailUrl"  /></div></div><br />
<div style='padding-bottom:0px;' class='av-special-heading av-special-heading-h3  blockquote modern-quote   '><h3 class='av-special-heading-tag '  itemprop="headline"  >Sanitär</h3><div class='special-heading-border'><div class='special-heading-inner-border' ></div></div></div><br />
<div style=' margin-top:10px; margin-bottom:10px;'  class='hr hr-custom hr-left hr-icon-no  '><span class='hr-inner   inner-border-av-border-fat' style=' width:50px; border-color:#e9c019;' ><span class='hr-inner-style'></span></span></div><br />
<section class="av_textblock_section "  itemscope="itemscope" itemtype="https://schema.org/CreativeWork" ><div class='avia_textblock  '   itemprop="text" ><p><span class="fliesstext"><span class="boldblau">:: </span>Badsanierung<br />
<span class="boldblau">:: </span>Barrierefreie Bäder<br />
<span class="boldblau">:: </span>Bad aus einer Hand<br />
<span class="boldblau">:: </span>Wasseraufbereitung</span></p>
</div></section></p></div>
<div class="flex_column av_one_third  flex_column_div av-zero-column-padding   " style='border-radius:0px; '><p><div class='avia-image-container  av-styling-no-styling    avia-align- '  itemscope="itemscope" itemtype="https://schema.org/ImageObject"  ><div class='avia-image-container-inner'><img class='avia_image ' src='https://olaf-moeller-haustechnik.de/wp-content/uploads/2015/10/elektro-1.jpg' alt='' title='elektro'   itemprop="thumbnailUrl"  /></div></div><br />
<div style='padding-bottom:0px;' class='av-special-heading av-special-heading-h3  blockquote modern-quote   '><h3 class='av-special-heading-tag '  itemprop="headline"  >Elektro</h3><div class='special-heading-border'><div class='special-heading-inner-border' ></div></div></div><br />
<div style=' margin-top:10px; margin-bottom:10px;'  class='hr hr-custom hr-left hr-icon-no  '><span class='hr-inner   inner-border-av-border-fat' style=' width:50px; border-color:#e9c019;' ><span class='hr-inner-style'></span></span></div><br />
<section class="av_textblock_section "  itemscope="itemscope" itemtype="https://schema.org/CreativeWork" ><div class='avia_textblock  '   itemprop="text" ><p><span class="boldblau">:: </span>Installation Neu- und Umbau<br />
<span class="boldblau">:: </span>Elektrohausgeräte<br />
<span class="boldblau">:: </span>Beleuchtungstechnik<br />
<span class="boldblau">:: </span>Photovoltaik<br />
<span class="boldblau">:: </span>BUS Systeme EIB<br />
<span class="boldblau">:: </span>Datennetzwerktechnik<br />
<span class="boldblau">:: </span>Schaltanlagen<br />
<span class="boldblau">:: </span>Satellitenempfangsanlagen</p>
</div></section></p></div>
<div class="flex_column av_one_third  flex_column_div av-zero-column-padding   " style='border-radius:0px; '><p><div class='avia-image-container  av-styling-no-styling    avia-align- '  itemscope="itemscope" itemtype="https://schema.org/ImageObject"  ><div class='avia-image-container-inner'><img class='avia_image ' src='https://olaf-moeller-haustechnik.de/wp-content/uploads/2015/10/heizung.jpg' alt='' title='heizung'   itemprop="thumbnailUrl"  /></div></div><br />
<div style='padding-bottom:0px;' class='av-special-heading av-special-heading-h3  blockquote modern-quote   '><h3 class='av-special-heading-tag '  itemprop="headline"  >Heizung</h3><div class='special-heading-border'><div class='special-heading-inner-border' ></div></div></div><br />
<div style=' margin-top:10px; margin-bottom:10px;'  class='hr hr-custom hr-left hr-icon-no  '><span class='hr-inner   inner-border-av-border-fat' style=' width:50px; border-color:#e9c019;' ><span class='hr-inner-style'></span></span></div><br />
<section class="av_textblock_section "  itemscope="itemscope" itemtype="https://schema.org/CreativeWork" ><div class='avia_textblock  '   itemprop="text" ><p><span class="boldblau">:: </span>Gas und Ölfeuerung<br />
<span class="boldblau">:: </span>Holzfeuerung<br />
<span class="boldblau">:: </span>Pellets und Holzhackschnitzelheizung<br />
<span class="boldblau">:: </span>Solaranlagen<br />
<span class="boldblau">:: </span>Blockheizkraftwerke<br />
<span class="boldblau">:: </span>Wärmepumpen<br />
<span class="boldblau">:: </span>Installation Neu- und Umbau</p>
</div></section></p></div>
<div class="flex_column av_one_third  flex_column_div av-zero-column-padding first  " style='border-radius:0px; '><p><div class='avia-image-container  av-styling-no-styling    avia-align- '  itemscope="itemscope" itemtype="https://schema.org/ImageObject"  ><div class='avia-image-container-inner'><img class='avia_image ' src='https://olaf-moeller-haustechnik.de/wp-content/uploads/2017/11/service.jpg' alt='' title='service'   itemprop="thumbnailUrl"  /></div></div><br />
<div style='padding-bottom:0px;' class='av-special-heading av-special-heading-h3  blockquote modern-quote   '><h3 class='av-special-heading-tag '  itemprop="headline"  >Service</h3><div class='special-heading-border'><div class='special-heading-inner-border' ></div></div></div><br />
<div style=' margin-top:10px; margin-bottom:10px;'  class='hr hr-custom hr-left hr-icon-no  '><span class='hr-inner   inner-border-av-border-fat' style=' width:50px; border-color:#e9c019;' ><span class='hr-inner-style'></span></span></div><br />
<section class="av_textblock_section "  itemscope="itemscope" itemtype="https://schema.org/CreativeWork" ><div class='avia_textblock  '   itemprop="text" ><p><span class="boldblau">:: 24-Stunden Kundendienst<br />
:: Beratung/Planung<br />
:: Entwicklung und Projektierung<br />
:: Abfluss- und Kanalreinigung<br />
:: </span>Kanal-Kamera mit Ortung<br />
<span class="boldblau">:: </span>Gassicherheitscheck<br />
<span class="boldblau">:: </span>E-Check<br />
<span class="boldblau">:: </span>Wartung</p>
</div></section></p></div>
<div class="flex_column av_one_third  flex_column_div av-zero-column-padding   " style='border-radius:0px; '><p><div class='avia-image-container  av-styling-no-styling    avia-align- '  itemscope="itemscope" itemtype="https://schema.org/ImageObject"  ><div class='avia-image-container-inner'><img class='avia_image ' src='https://olaf-moeller-haustechnik.de/wp-content/uploads/2015/10/lueftung.jpg' alt='' title='lueftung'   itemprop="thumbnailUrl"  /></div></div><br />
<div style='padding-bottom:0px;' class='av-special-heading av-special-heading-h3  blockquote modern-quote   '><h3 class='av-special-heading-tag '  itemprop="headline"  >Lüftung</h3><div class='special-heading-border'><div class='special-heading-inner-border' ></div></div></div><br />
<div style=' margin-top:10px; margin-bottom:10px;'  class='hr hr-custom hr-left hr-icon-no  '><span class='hr-inner   inner-border-av-border-fat' style=' width:50px; border-color:#e9c019;' ><span class='hr-inner-style'></span></span></div><br />
<section class="av_textblock_section "  itemscope="itemscope" itemtype="https://schema.org/CreativeWork" ><div class='avia_textblock  '   itemprop="text" ><p><span class="fliesstext"><span class="boldblau">:: </span>Kontrollierte Wohnraumlüftung mit und ohne Wärmerückgewinnung<br />
<span class="boldblau">:: </span>Lüftungsanlagen in Gewerbeobjekten<br />
<span class="boldblau">:: </span>Lüftungsanlagen in Stallungen</span></p>
</div></section></p></div>
<div class="flex_column av_one_third  flex_column_div av-zero-column-padding   " style='border-radius:0px; '><p><div class='avia-image-container  av-styling-no-styling    avia-align- '  itemscope="itemscope" itemtype="https://schema.org/ImageObject"  ><div class='avia-image-container-inner'><img class='avia_image ' src='https://olaf-moeller-haustechnik.de/wp-content/uploads/2015/10/mobileBad.jpg' alt='' title='mobileBad'   itemprop="thumbnailUrl"  /></div></div><br />
<div style='padding-bottom:0px;' class='av-special-heading av-special-heading-h3  blockquote modern-quote   '><h3 class='av-special-heading-tag '  itemprop="headline"  >Das Mobile Bad</h3><div class='special-heading-border'><div class='special-heading-inner-border' ></div></div></div><br />
<div style=' margin-top:10px; margin-bottom:10px;'  class='hr hr-custom hr-left hr-icon-no  '><span class='hr-inner   inner-border-av-border-fat' style=' width:50px; border-color:#e9c019;' ><span class='hr-inner-style'></span></span></div><br />
<section class="av_textblock_section "  itemscope="itemscope" itemtype="https://schema.org/CreativeWork" ><div class='avia_textblock  '   itemprop="text" ><p><span class="fliesstext"><span class="boldblau">:: WC</span><br />
<span class="boldblau">:: Dusche</span><br />
<span class="boldblau">:: Sitzbank</span></span><br />
:: Kosmetikspiegel<br />
:: Warmwasserspeicher<br />
:: Radio<br />
:: Heizung<br />
:: Waschtisch<br />
:: Abwasserpumpe<br />
:: Fenster zur Belüftung</p>
</div></section><br />
<div class='avia-button-wrap avia-button-left '><a href='https://olaf-moeller-haustechnik.de/?page_id=707' class='avia-button   avia-icon_select-no avia-color-theme-color avia-size-small avia-position-left '   ><span class='avia_iconbox_title' >Mehr Informationen</span></a></div></p></div>
