{"id":707,"date":"2017-11-02T15:50:37","date_gmt":"2017-11-02T14:50:37","guid":{"rendered":"https:\/\/olaf-moeller-haustechnik.de\/?page_id=707"},"modified":"2022-10-06T12:07:07","modified_gmt":"2022-10-06T10:07:07","slug":"service-3","status":"publish","type":"page","link":"https:\/\/olaf-moeller-haustechnik.de\/?page_id=707","title":{"rendered":"Das Mobile Bad"},"content":{"rendered":"<div id='layer_slider_1' class='avia-layerslider main_color avia-shadow  container_wrap sidebar_right'    style='height: 501px;' ><\/div>\n<div class=\"flex_column av_one_full  flex_column_div av-zero-column-padding first  \" style='border-radius:0px; '><div style='padding-bottom:0px;' class='av-special-heading av-special-heading-h2  blockquote modern-quote   '><h2 class='av-special-heading-tag '  itemprop=\"headline\"  >DAS MOBILE BAD KOMMT!<\/h2><div class='special-heading-border'><div class='special-heading-inner-border' ><\/div><\/div><\/div><\/div>\n<div style='height:30px' class='hr hr-invisible  '><span class='hr-inner ' ><span class='hr-inner-style'><\/span><\/span><\/div>\n<section class=\"av_textblock_section \"  itemscope=\"itemscope\" itemtype=\"https:\/\/schema.org\/CreativeWork\" ><div class='avia_textblock  '   itemprop=\"text\" ><p>Das mobile Bad kommt \u2013 f\u00fcr Privathaushalte, die kurzfristig ein \u00dcbergangsbadezimmer ben\u00f6tigen oder f\u00fcr Firmen und Handwerker, die das mobile Badezimmer f\u00fcr Ihre Kunden mieten m\u00f6chten. Gerne erstellen wir Ihnen ein passendes Angebot.<br \/>\nNehmen Sie Kontakt mit uns auf und sichern sich einen Termin \u2013 wir freuen uns auf Ihre Anfrage.<\/p>\n<\/div><\/section>\n<\/div><\/div><\/div><!-- close content main div --><\/div><\/div><div id='av_section_1' class='avia-section main_color avia-section-no-padding avia-no-border-styling avia-bg-style-scroll   container_wrap sidebar_right'   ><div class='container' ><div class='template-page content  av-content-small alpha units'><div class='post-entry post-entry-type-page post-entry-707'><div class='entry-content-wrapper clearfix'>\n<div class=\"flex_column av_one_half  flex_column_div av-zero-column-padding first  \" style='border-radius:0px; '><div class='avia-image-container  av-styling-no-styling    avia-align- '  itemscope=\"itemscope\" itemtype=\"https:\/\/schema.org\/ImageObject\"  ><div class='avia-image-container-inner'><img class='avia_image ' src='https:\/\/olaf-moeller-haustechnik.de\/wp-content\/uploads\/2017\/11\/haenger.png' alt='' title='haenger'   itemprop=\"thumbnailUrl\"  \/><\/div><\/div><\/div><div class=\"flex_column av_one_half  flex_column_div av-zero-column-padding   \" style='border-radius:0px; '><p><div style='padding-bottom:0px;' class='av-special-heading av-special-heading-h3  blockquote modern-quote   '><h3 class='av-special-heading-tag '  itemprop=\"headline\"  >Voll ausgestattet und f\u00fcr das wichtigste gesorgt, damit Sie sich wohl f\u00fchlen.<\/h3><div class='special-heading-border'><div class='special-heading-inner-border' ><\/div><\/div><\/div><br \/>\n<div style='height:30px' class='hr hr-invisible  '><span class='hr-inner ' ><span class='hr-inner-style'><\/span><\/span><\/div><br \/>\n<section class=\"av_textblock_section \"  itemscope=\"itemscope\" itemtype=\"https:\/\/schema.org\/CreativeWork\" ><div class='avia_textblock  '   itemprop=\"text\" ><p>:: Radio<br \/>\n:: Heizung<br \/>\n:: Waschtisch<br \/>\n:: Abwasserpumpe<br \/>\n:: Fenster zur Bel\u00fcftung<br \/>\n:: WC<br \/>\n:: Dusche<br \/>\n:: Sitzbank<br \/>\n:: Kosmetikspiegel<br \/>\n:: Warmwasserspeicher<\/p>\n<\/div><\/section><br \/>\n<div style='height:30px' class='hr hr-invisible  '><span class='hr-inner ' ><span class='hr-inner-style'><\/span><\/span><\/div><br \/>\n<div class='avia-button-wrap avia-button-left '><a href='http:\/\/www.das-mobile-bad-kommt.de\/' class='avia-button   avia-icon_select-no avia-color-red avia-size-large avia-position-left '  target=\"_blank\"   ><span class='avia_iconbox_title' >www.das-mobile-bad-kommt.de<\/span><\/a><\/div><\/p><\/div><div style='height:80px' class='hr hr-invisible  '><span class='hr-inner ' ><span class='hr-inner-style'><\/span><\/span><\/div>\n<div class='av-horizontal-gallery av-horizontal-gallery-large-gap av-horizontal-gallery--effect av-horizontal-gallery-1  av-control-default '  itemscope=\"itemscope\" itemtype=\"https:\/\/schema.org\/ImageObject\"   ><div class='avia-slideshow-arrows avia-slideshow-controls'><a href='#prev' class='prev-slide av-horizontal-gallery-prev' aria-hidden='true' data-av_icon='\ue87c' data-av_iconfont='entypo-fontello'>Zur\u00fcck<\/a><a href='#next' class='next-slide av-horizontal-gallery-next' aria-hidden='true' data-av_icon='\ue87d' data-av_iconfont='entypo-fontello'>Weiter<\/a><\/div><div class='av-horizontal-gallery-inner' style='padding-bottom:25%' data-av-height='25'><div class='av-horizontal-gallery-slider'><div class='av-horizontal-gallery-wrap noHover'><img class='av-horizontal-gallery-img' width='800' height='530' src='https:\/\/olaf-moeller-haustechnik.de\/wp-content\/uploads\/2017\/11\/STB_5521-bearbeitet.jpg' title='STB_5521-bearbeitet' alt='' \/><a href='https:\/\/olaf-moeller-haustechnik.de\/wp-content\/uploads\/2017\/11\/STB_5521-bearbeitet.jpg'  class='av-horizontal-gallery-link' aria-hidden='true' data-av_icon='\ue869' data-av_iconfont='entypo-fontello' title=''><\/a><\/div><div class='av-horizontal-gallery-wrap noHover'><img class='av-horizontal-gallery-img' width='800' height='519' src='https:\/\/olaf-moeller-haustechnik.de\/wp-content\/uploads\/2017\/11\/STB_5557-bearbeitet.jpg' title='STB_5557-bearbeitet' alt='' \/><a href='https:\/\/olaf-moeller-haustechnik.de\/wp-content\/uploads\/2017\/11\/STB_5557-bearbeitet.jpg'  class='av-horizontal-gallery-link' aria-hidden='true' data-av_icon='\ue869' data-av_iconfont='entypo-fontello' title=''><\/a><\/div><div class='av-horizontal-gallery-wrap noHover'><img class='av-horizontal-gallery-img' width='800' height='543' src='https:\/\/olaf-moeller-haustechnik.de\/wp-content\/uploads\/2017\/11\/STB_5566-bearbeitet.jpg' title='STB_5566-bearbeitet' alt='' \/><a href='https:\/\/olaf-moeller-haustechnik.de\/wp-content\/uploads\/2017\/11\/STB_5566-bearbeitet.jpg'  class='av-horizontal-gallery-link' aria-hidden='true' data-av_icon='\ue869' data-av_iconfont='entypo-fontello' title=''><\/a><\/div><div class='av-horizontal-gallery-wrap noHover'><img class='av-horizontal-gallery-img' width='800' height='515' src='https:\/\/olaf-moeller-haustechnik.de\/wp-content\/uploads\/2017\/11\/STB_5539-bearbeiten.jpg' title='STB_5539-bearbeiten' alt='' \/><a href='https:\/\/olaf-moeller-haustechnik.de\/wp-content\/uploads\/2017\/11\/STB_5539-bearbeiten.jpg'  class='av-horizontal-gallery-link' aria-hidden='true' data-av_icon='\ue869' data-av_iconfont='entypo-fontello' title=''><\/a><\/div><div class='av-horizontal-gallery-wrap noHover'><img class='av-horizontal-gallery-img' width='449' height='800' src='https:\/\/olaf-moeller-haustechnik.de\/wp-content\/uploads\/2017\/11\/STB_5565-bearbeitet.jpg' title='STB_5565-bearbeitet' alt='' \/><a href='https:\/\/olaf-moeller-haustechnik.de\/wp-content\/uploads\/2017\/11\/STB_5565-bearbeitet.jpg'  class='av-horizontal-gallery-link' aria-hidden='true' data-av_icon='\ue869' data-av_iconfont='entypo-fontello' title=''><\/a><\/div><div class='av-horizontal-gallery-wrap noHover'><img class='av-horizontal-gallery-img' width='800' height='444' src='https:\/\/olaf-moeller-haustechnik.de\/wp-content\/uploads\/2017\/11\/STB_5561-bearbeitet.jpg' title='STB_5561-bearbeitet' alt='' \/><a href='https:\/\/olaf-moeller-haustechnik.de\/wp-content\/uploads\/2017\/11\/STB_5561-bearbeitet.jpg'  class='av-horizontal-gallery-link' aria-hidden='true' data-av_icon='\ue869' data-av_iconfont='entypo-fontello' title=''><\/a><\/div><\/div><\/div><\/div>\n<div style='height:100px' class='hr hr-invisible  '><span class='hr-inner ' ><span class='hr-inner-style'><\/span><\/span><\/div>\n<\/div><\/div><\/div><!-- close content main div --><\/div><\/div><div id='after_section_1' class='main_color av_default_container_wrap container_wrap sidebar_right'   ><div class='container' ><div class='template-page content  av-content-small alpha units'><div class='post-entry post-entry-type-page post-entry-707'><div class='entry-content-wrapper clearfix'>\n","protected":false},"excerpt":{"rendered":"","protected":false},"author":1,"featured_media":0,"parent":0,"menu_order":0,"comment_status":"closed","ping_status":"closed","template":"","meta":{"footnotes":""},"class_list":["post-707","page","type-page","status-publish","hentry"],"_links":{"self":[{"href":"https:\/\/olaf-moeller-haustechnik.de\/index.php?rest_route=\/wp\/v2\/pages\/707","targetHints":{"allow":["GET"]}}],"collection":[{"href":"https:\/\/olaf-moeller-haustechnik.de\/index.php?rest_route=\/wp\/v2\/pages"}],"about":[{"href":"https:\/\/olaf-moeller-haustechnik.de\/index.php?rest_route=\/wp\/v2\/types\/page"}],"author":[{"embeddable":true,"href":"https:\/\/olaf-moeller-haustechnik.de\/index.php?rest_route=\/wp\/v2\/users\/1"}],"replies":[{"embeddable":true,"href":"https:\/\/olaf-moeller-haustechnik.de\/index.php?rest_route=%2Fwp%2Fv2%2Fcomments&post=707"}],"version-history":[{"count":1,"href":"https:\/\/olaf-moeller-haustechnik.de\/index.php?rest_route=\/wp\/v2\/pages\/707\/revisions"}],"predecessor-version":[{"id":9082,"href":"https:\/\/olaf-moeller-haustechnik.de\/index.php?rest_route=\/wp\/v2\/pages\/707\/revisions\/9082"}],"wp:attachment":[{"href":"https:\/\/olaf-moeller-haustechnik.de\/index.php?rest_route=%2Fwp%2Fv2%2Fmedia&parent=707"}],"curies":[{"name":"wp","href":"https:\/\/api.w.org\/{rel}","templated":true}]}}